ppose -4*p = x - 8, -3*p - 3*x - 2*x = -6. Let r(u) = 2 - 10*u**2 - 12*u**p + 2*u + 21*u**2. Determine r(4).
-6
Let g(u) = -u**3 - 8*u**2 - u - 5. Suppose 4*a + 15 = -17. Let n be g(a). Let b(q) = -q**3 + 4*q**2 - 2*q - 4. What is b(n)?
-1
Suppose -15 = 4*k - k. Let u be 4 - (5 + 1)/3. Let f(s) = 6*s - s**2 + 3 + 2*s**2 + 0*s**u. Determine f(k).
-2
Suppose -4*v + 41 = -5*x, -3*v - v + 71 = 5*x. Let t = v - 9. Let o(h) = 2*h - 1 - 4 - 2. Determine o(t).
3
Let a(m) = m. Suppose -6*j + 2*j + 1 = 5*f, 2*f + 2*j = 0. Let c be (-5 + 4)*(-1 + f). Determine a(c).
0
Let g(c) = -c**2 + 3*c. Let b(z) be the second derivative of -1/6*z**3 - z**2 + 0 - z. Let o be b(-6). Calculate g(o).
-4
Let g(p) be the first derivative of p**4/4 - 4*p**3/3 - 7*p**2/2 + 3*p + 13. Give g(5).
-7
Suppose -2*q = 4*t - 16 - 2, -4*t + 40 = 4*q. Let l(i) = -2*i + 9. Let p be 1/(-1 - (-5)/6). Let j(v) = -v + 5. Let d(r) = p*l(r) + q*j(r). Calculate d(6).
7
Let v = -735/8 + 92. Let g(j) be the third derivative of j**2 + 0*j + v*j**4 + 1/3*j**3 + 1/120*j**6 + 1/12*j**5 + 0. Determine g(-2).
8
Let p(z) = -z**3 - 8*z**2 + 9*z + 11. Suppose y + 26 = -3*h, 0 = -h + 2*h + 3*y + 6. What is p(h)?
11
Suppose 27 = 2*b + 15. Let w(o) = 4*o**3 + 10*o**2 - 8*o - 3*o**2 - 5*o**3 + 7. What is w(b)?
-5
Let z(t) = 5*t**2 - 1. Let m(f) = -14*f**2 + 4. Let x(p) = 4*m(p) + 11*z(p). What is x(0)?
5
Let h(x) be the first derivative of -x**3/3 + 7*x**2/2 - 5*x - 8. Determine h(5).
5
Let i = 8 + -15. Let j = 3 + i. Let u(g) = g**2 + 3*g + 1. Calculate u(j).
5
Let k(o) = -o**2 + 3*o - 2. Let s = -32 - -34. What is k(s)?
0
Let s(i) = i**2 + 4*i. Let v be (-4)/(-16) + 35/4. Let g = 4 - v. Give s(g).
5
Suppose -k - 5*k = 0. Let d(u) = u + 6. What is d(k)?
6
Let v = -183 + 188. Let c(q) = 3*q**3 - 3 - 4*q**3 + 5*q**2 - 1. Determine c(v).
-4
Let c(g) = g**3 + 8*g**2 - 7*g + 11. Suppose -12*l + 21*l + 81 = 0. Calculate c(l).
-7
Suppose 0 = 7*i - 3*i + 4. Let x = 129 - 122. Let g = x + i. Let c(y) = 2*y - 5. Give c(g).
7
Let p = 1 + -1. Let x(a) = 14*a + 14. Let y(b) = 3*b + 1. Let o(w) = -x(w) + 5*y(w). Give o(p).
-9
Let z(q) = -q - 2*q + 6*q - 3 - 2*q. Let h be ((-3)/1)/(-3) + -1. Determine z(h).
-3
Suppose -3*c + 6 = -5*c. Let k(l) = -l**3 - l**2 + 3*l - 1. Determine k(c).
8
Let p(f) be the first derivative of 5*f**3/3 - 21. Suppose 2*z - 11 = 4*w - 3*z, 3*w = 2*z - 3. Determine p(w).
5
Let v = 5 + -6. Let c be v + 2 + -2 - -7. Let t(g) = g**2 - 5*g - 5. What is t(c)?
1
Let q(z) = -z**3 - 9*z**2 + 2*z + 12. Let w(v) = 3*v**3 + 19*v**2 - 5*v - 25. Let m(r) = -5*q(r) - 2*w(r). Determine m(7).
-10
Let x(r) = -r**3 + 4*r**2 - r + 1. Let i = 13 + -7. Let s be 5 - (i + -2)/4. Determine x(s).
-3
Let w(q) be the second derivative of -q**4/12 - 2*q**3/3 + 2*q. Suppose 3*j + 16 = -4*d - j, 3*d + 12 = -5*j. What is w(d)?
0
Let t be -1*(-4)/4*-1. Let s(n) = 12*n. What is s(t)?
-12
Let s(c) be the second derivative of 1/24*c**4 + 0*c**2 - 3*c + 1/6*c**3 + 0 + 1/24*c**5. Let v(h) be the second derivative of s(h). Calculate v(-1).
-4
Let j(f) = f**3 - 4*f**2 - 4*f + 2. Suppose -4*l + 2*w + w = -72, 4*w = 0. Suppose -3*z - 2*z = -5*c - 10, 3*c - l = -3*z. Determine j(z).
-14
Let g(s) = 0 + 10*s + 7 - 8. Suppose -2*j + 8 = 0, 0 = -5*m - 4*j + 10 + 11. Give g(m).
9
Let h(m) = -15 + 5*m - m**3 - 19 - 18 + 49. Determine h(3).
-15
Let j(g) = g**2 + 19*g - 45. Let l be j(-21). Let n(s) = -s**2 - 5*s + 2. Give n(l).
8
Let c(w) = -4*w**2 + 2 + 6 - 10. Calculate c(-2).
-18
Suppose n + 4*n = 0. Let k(t) be the second derivative of n + 1/6*t**3 + t + 1/2*t**2. Calculate k(-3).
-2
Let b(s) = -s - 5. Let c be 74/(-8) - 2/(-8). Determine b(c).
4
Let j = 12 + -8. Let q(s) = j - 3 - s + 0*s. Determine q(6).
-5
Let m = -4 + 10. Let n be ((-4)/m)/((-5)/60). Suppose -3*p = 3*i - i - n, 5*i = 20. Let y(z) = z - 8. Determine y(p).
-8
Suppose 5 = -v, -2*r + r + 3*v + 20 = 0. Let l = r + -8. Let t(z) be the second derivative of -z**3/6 + z. Give t(l).
3
Let x = 3 - 3. Let r(p) = -11*p**3 - 11*p**2 - 7*p + 9. Let q(y) = -5*y**3 - 5*y**2 - 3*y + 4. Let u(h) = -9*q(h) + 4*r(h). Give u(x).
0
Let i be 21/(-2 + 5) + -3. Let s(l) = -l**2 + 2*l - 1. Determine s(i).
-9
Suppose 10*m + 42 = 3*m. Let u(t) = t + 6. What is u(m)?
0
Let f = -146 + 152. Let h(m) = m - 2. Determine h(f).
4
Let x(n) = n**2 - 6*n + 2. Suppose -w + 4*w - 60 = 0. Let k be (-8)/w - (-2)/5. Suppose -5*u + k + 35 = 5*l, 0 = 3*l - 12. Calculate x(u).
-7
Suppose -3*c + 8*c = 4*l - 21, -5*l + c = -21. Suppose l*x + 14 = 38. Let m(k) = -k**2 + 7*k + 4. What is m(x)?
10
Let g(o) = 22 - 43 + 2*o + 15. What is g(6)?
6
Let c = 6 - 3. Let b(d) = c*d + 6 + 1 - 6. Let h = 0 - -1. Calculate b(h).
4
Let c(y) = 2*y**3 + 2*y + 1. Suppose a - 2 = 2*a. Let i(m) = -m - 7. Let j(p) = -2*p - 13. Let h(v) = -7*i(v) + 4*j(v). Let d be h(a). Give c(d).
-3
Let l(b) be the second derivative of -b**4/12 + b**3/6 + 3*b**2/2 - 8*b. Suppose c + 1 = -0. Let j = 2 - c. Give l(j).
-3
Suppose 6*r - 5*r - 2 = 0. Let t(g) = 2*g - 3 + 0*g + 1. Give t(r).
2
Let a(q) = 3*q - 2. Let c be (-13)/(-5) - (-38)/95. Give a(c).
7
Let w be 14/(-18) - 2/9. Let i = 6 + -4. Let z(h) = 2 - 2 + 5*h**i - 1 - 2*h. Calculate z(w).
6
Suppose -w - 4*p = 3*w - 32, 4*p = -2*w + 22. Let r(i) = -i**2 + 6*i - 7. Give r(w).
-2
Let z(o) = -o**3 - 4*o**2 - 4*o + 3. Let d(w) = -w**3 - 4*w**2 - 4*w + 4. Let v(s) = -4*d(s) + 5*z(s). What is v(-3)?
2
Let h(i) = 20*i**3 + 32*i**2 - 24*i - 10. Suppose -5 + 23 = 3*c. Let l(q) = -7*q**3 - 11*q**2 + 8*q + 3. Let m(w) = c*h(w) + 17*l(w). Determine m(-6).
3
Let z(g) = -g. Let p(c) = c + 1. Let m(t) = p(t) - 3*z(t). Let b(f) = 0 - f**3 - f + 2 - 3 - f. Let s be b(-1). Calculate m(s).
9
Let s = -10 - -6. Let x(a) be the first derivative of -a**4/4 - a**3 + 5*a**2/2 + 4. Determine x(s).
-4
Let h(f) = -f - 16. Let w be h(-10). Suppose p + 0*p - 5 = 0. Let t(z) = 5*z**2 + 2*z - 4*z**2 + p*z - 2*z - 7. What is t(w)?
-1
Suppose -4*m - 39 = -15. Let t(j) = -3*j - 5. Give t(m).
13
Let b(z) = z**3 - 4*z**2 - 5*z - 6. Suppose w + 0*w - 23 = -5*r, -2*r - w = -8. Calculate b(r).
-6
Let p(c) = -c**2 + 13*c + 4. Let y(b) = b**2 - 14*b - 3. Let o(x) = 6*p(x) + 5*y(x). Calculate o(8).
9
Let n(g) = -g**2 + 3*g + 2. Let t(x) = x**2 - 4*x + 4. Let z be t(4). Calculate n(z).
-2
Let o be -5 - 0/(2 + 2). Let z(b) = b**3 + 5*b**2 + b + 7. What is z(o)?
2
Let h(x) = 9*x**3 - 2*x + 5. Let o(j) = -6*j**3 + j - 3. Let c(d) = -5*h(d) - 8*o(d). Determine c(1).
4
Suppose 0 = 3*c + 1 + 20. Let i = c + 10. Let w(g) = -g**i - 4*g + 0*g**2 + 2 + 2 + 5*g**2. Give w(4).
4
Let s be (1 - 2)*(0 - -1). Let f be ((-8)/(-6))/(s/(-3)). Let q(j) = j**2 - 1 - 2*j - 1 + j**3 - 4*j**2. What is q(f)?
6
Let f be 6*((-52)/(-12) - 4). Let j(p) = -p + 3. What is j(f)?
1
Let p(x) = x**3 - x**2 + 1. Suppose -u - 1 = -3*t, u + t - 1 = 2. What is p(u)?
5
Let x(s) = -s**2 - 10*s + 5. Let a be x(-10). Let b(q) = -5*q**2 - 21 - q**3 - 2*q + 2*q**3 + 28. What is b(a)?
-3
Let o(p) = -9*p. Let i(w) = 10*w. Let s(j) = 6*i(j) + 7*o(j). Determine s(-2).
6
Suppose m = 3, -5*m - 4 + 3 = -4*x. Let v(w) = -2*w**2 + 6*w. Give v(x).
-8
Let r(z) = 0 + 3*z - 13*z + 12*z - 1 - z**2. Suppose -2*m = -4*a + 2, 3*a = -3*m + 1 + 14. Determine r(a).
-1
Let c(x) = 2*x. Let h be 100/(-26) - 8/52. Determine c(h).
-8
Let t be (18/4)/(12/16). Let r = t + -3. Suppose 0*l + 1 = 4*l + r*w, -2*l = 2*w. Let a(i) = -2*i - 1. What is a(l)?
-3
Let b(v) = v**2 + v - 3. Let g(c) = 4 - 7*c + 15*c + 0 - 7*c. Let z be g(-7). Give b(z).
3
Let t be (-1)/(-3)*9*1. Let v(l) be the first derivative of -l**4/4 + l**3 + l**2/2 - 2*l - 31. What is v(t)?
1
Suppose 12 = -3*y, 24 = -3*n - n - 4*y. Let i = n - -2. Suppose 3*o - m = i, 0 = 5*o - 10*o + 3*m + 4. Let w(s) = -3*s**2 - 2*s - 1. Calculate w(o).
-2
Let j(p) = p + 3. Suppose -k = -0*k - 4. What is j(k)?
7
Let l(f) = f**3 - 4*f**2 + 3*f - 1. Suppose 2*v - 51 = -47. Determine l(v).
-3
Let t(z) = 4*z**2 + 11*z - 6. Let w(u) = -u**2 - 2*u + 1. Let j(h) = 2*t(h) + 11*w(h). Determine j(-1).
-4
Let y(a) be the third derivative of -a**4/6 - a**3/6 - 30*a**2. Give y(-1).
3
Let s(r) = r**2 + 5*r - 3. Suppose l + 0 = 7. Let m(c) = -c + 1. Let n be m(l). Determine s(n).
3
Let c(w) = -w**3 - 4*w**2 + 1. Let d be c(-4). Let g(m) = m**2 + 1. Give g(d).
2
Let c(a) be the 